895 prime?
False
Is 892649 prime?
False
Is 140377411 a prime number?
True
Is 97362341 a composite number?
True
Is 7955299 prime?
False
Is 603053961 a composite number?
True
Is 317364913 composite?
False
Is 6147233 composite?
True
Is 669901 a composite number?
False
Is 12141203 composite?
False
Is 2862007 a composite number?
True
Is 841829 a prime number?
False
Is 618191461 prime?
True
Is 299009 composite?
True
Is 127526389 composite?
False
Is 10100147 composite?
False
Is 198852922 a prime number?
False
Is 32558129 a composite number?
False
Is 24970783 prime?
True
Is 15600749 a composite number?
True
Is 490172773 prime?
False
Is 80643 composite?
True
Is 779543977 a prime number?
False
Is 4405189 composite?
False
Is 1236701 prime?
True
Is 17670857 composite?
False
Is 4628857 prime?
False
Is 30590093 a prime number?
False
Is 8459327 a prime number?
True
Is 10709759 prime?
True
Is 1683727 composite?
True
Is 10857503 a composite number?
False
Is 441518927 composite?
True
Is 60270421 composite?
True
Is 17356453 a composite number?
True
Is 6822617 a prime number?
False
Is 11633023 a prime number?
False
Is 15521819 prime?
True
Is 17729209 a composite number?
False
Is 282929 prime?
False
Is 290210501 a prime number?
False
Is 1536179 a composite number?
True
Is 2716661 prime?
True
Is 6703769 prime?
False
Is 4953337 composite?
True
Is 64955829 a prime number?
False
Is 1097978611 composite?
False
Is 742219 a composite number?
False
Is 63476653 composite?
False
Is 739595 prime?
False
Is 740719 composite?
True
Is 145175603 composite?
True
Is 453985009 prime?
True
Is 6207233 a composite number?
True
Is 42727733 a composite number?
True
Is 2308093 a prime number?
False
Is 2249293 a composite number?
False
Is 561388699 composite?
True
Is 43899887 a composite number?
True
Is 475435789 a composite number?
False
Is 626239 a composite number?
False
Is 984779 prime?
False
Is 14712151 composite?
True
Is 36914993 prime?
False
Is 3573181 a prime number?
True
Is 5490293 a composite number?
False
Is 544131517 prime?
True
Is 2127101 composite?
True
Is 219513149 prime?
True
Is 130684231 a prime number?
False
Is 170659297 prime?
False
Is 58963043 a composite number?
True
Is 4758209 composite?
False
Is 1397477 prime?
True
Is 145526209 a prime number?
False
Is 12017693 a composite number?
True
Is 296538061 composite?
False
Is 7718811 prime?
False
Is 39737 prime?
False
Is 3963397 a prime number?
False
Is 40756169 a composite number?
False
Is 29898985 a prime number?
False
Is 46431397 prime?
False
Is 1628191 a composite number?
False
Is 19238757 prime?
False
Is 100460561 composite?
False
Is 5102843 composite?
True
Is 680033 prime?
False
Is 72329511 a prime number?
False
Is 500659657 composite?
False
Is 885435659 a composite number?
False
Is 62712251 composite?
True
Is 379094609 composite?
False
Is 95005763 composite?
False
Is 5373689 a composite number?
False
Is 1073649 a prime number?
False
Is 71435081 composite?
False
Is 7013917 composite?
True
Is 18930799 composite?
True
Is 83582017 a composite number?
True
Is 1271981 a prime number?
False
Is 109761787 a composite number?
False
Is 2113829 a prime number?
False
Is 436197 composite?
True
Is 7700179 a composite number?
False
Is 1221631 a composite number?
False
Is 4304761 prime?
True
Is 479285 a prime number?
False
Is 10007 prime?
True
Is 7601039 prime?
True
Is 6062962 composite?
True
Is 3579071 composite?
False
Is 607573 composite?
False
Is 4893067 a prime number?
True
Is 444247 a prime number?
False
Is 106083871 a composite number?
False
Is 17602603 prime?
True
Is 2593477 prime?
True
Is 131452066 composite?
True
Is 96024715 a composite number?
True
Is 6327421 composite?
True
Is 17775323 prime?
True
Is 201456917 prime?
True
Is 21938069 prime?
False
Is 74215459 composite?
False
Is 514889 a prime number?
True
Is 1711795 prime?
False
Is 6327107 a prime number?
True
Is 3465851 a composite number?
False
Is 9496933 composite?
True
Is 16390531 prime?
True
Is 14284363 prime?
True
Is 23220941 a composite number?
True
Is 1264177 prime?
True
Is 36562655 composite?
True
Is 9995305 composite?
True
Is 3951109 prime?
True
Is 24343751 composite?
False
Is 252291353 a prime number?
True
Is 12345427 prime?
True
Is 219899 prime?
False
Is 43164661 prime?
True
Is 95419549 a prime number?
True
Is 6461593 a prime number?
False
Is 6960487 a prime number?
True
Is 77861699 composite?
False
Is 1185953 a prime number?
True
Is 2056387 composite?
True
Is 3508447 a composite number?
False
Is 29408909 a composite number?
False
Is 1651859 prime?
False
Is 526595 a composite number?
True
Is 39982 prime?
False
Is 44220793 composite?
True
Is 82873523 a prime number?
True
Is 172722553 a prime number?
True
Is 3168493 a prime number?
True
Is 2006827 a prime number?
False
Is 924459989 prime?
True
Is 16008263 prime?
True
Is 2075063 a composite number?
False
Is 53156591 a composite number?
False
Is 37472447 composite?
False
Is 79661 prime?
False
Is 2697397 composite?
False
Is 30448309 a composite number?
True
Is 25109069 a composite number?
False
Is 1626227 composite?
False
Is 188483117 a prime number?
True
Is 7999297 a prime number?
True
Is 10757 a prime number?
False
Is 1404669977 composite?
False
Is 186471237 composite?
True
Is 1029659 composite?
True
Is 13256707 prime?
True
Is 2244063 composite?
True
Is 6091583 a prime number?
False
Is 62592415 a composite number?
True
Is 35182417 composite?
True
Is 369437241 prime?
False
Is 11906963 composite?
True
Is 4708999 a composite number?
False
Is 1958305 a prime number?
False
Is 1975571 composite?
True
Is 8185847 composite?
True
Is 1318913 a composite number?
False
Is 2258249 a prime number?
False
Is 8706317 prime?
False
Is 4454179 composite?
False
Is 586969 a composite number?
True
Is 34717399 prime?
False
Is 2571059 a prime number?
True
Is 29433553 composite?
False
Is 817549 a prime number?
True
Is 17929553 a prime number?
True
Is 136399433 composite?
False
Is 21936181 composite?
True
Is 15746567 a prime number?
True
Is 10126847 a prime number?
True
Is 100637 composite?
True
Is 178314643 a prime number?
False
Is 3330631 a prime number?
False
Is 34036207 a composite number?
False
Is 1289653 a composite number?
False
Is 182551855 a composite number?
True
Is 13060813 a prime number?
True
Is 30934723 a composite number?
True
Is 3357791 composite?
False
Is 3416507 prime?
False
Is 6853747 a prime number?
False
Is 77322911 a prime number?
False
Is 8838142 a prime number?
False
Is 28080485 composite?
True
Is 14782351 a prime number?
False
Is 15638699 composite?
False
Is 506587121 composite?
True
Is 912745 prime?
False
Is 3904001 prime?
True
Is 11980877 a composite number?
False
Is 8401633 a composite number?
False
Is 114419161 composite?
True
Is 35920191 a composite number?
True
Is 50676635 a prime number?
False
Is 3632579 a composite number?
False
Is 1966871 a prime number?
True
Is 2117023 composite?
True
Is 560639 prime?
True
Is 118343 a prime number?
True
Is 16014731 composite?
True
Is 200724929 a composite number?
False
Is 348025937 a prime number?
False
Is 7380541 composite?
True
Is 26732813 a composite number?
False
Is 27440731 a composite number?
True
Is 3018049 composite?
True
Is 10984405 a prime number?
False
Is 9886337 a prime number?
False
Is 134837627 a prime number?
True
Is 3460733 a composite number?
False
Is 1797205 a prime number?
False
Is 2275619 composite?
False
Is 15367573 prime?
False
Is 10539979 prime?
True
Is 57725869 prime?
False
Is 9682811 a prime number?
True
Is 28520521 composite?
False
Is 8495447 prime?
True
Is 74039677 prime?
True
Is 6894502 composite?
True
Is 6131266 a composite number?
True
Is 11212103 a composite number?
True
Is 16806043 prime?
True
Is 9735881 composite?
True
Is 1055512213 a composite number?
True
Is 47203301 composite?
False
Is 9953563 a composite number?
True
Is 51825647 composite?
True
Is 12660523 composite?
False
Is 230311363 a composite number?
True
Is 3933221 a prime number?
True
Is 11418937 a composite number?
True
Is 9485942 a composite number?
True
Is 22696951 a composite number?
True
Is 207749 a composite number?
True
Is 123501913 prime?
True
Is 1432939 a composite number?
True
Is 119966713 composite?
False
Is 935252354 prime?
False
Is 108502081 a prime number?
False